et i = 14 + 27. Suppose -4*z + f + 4*f + i = 0, -3*z - 5*f = -57. Give t(z).
-3
Suppose 11 = -4*p + 79. Let u(z) = z**2 - 17*z - 8. Determine u(p).
-8
Let a(c) be the first derivative of -c**4/4 - c**3 + 3*c + 272. What is a(-3)?
3
Let u(z) = -z + 7. Let g be u(11). Let p = -2 + g. Let o be 4 - (-4)/p*-3. Let y(m) = m**2 - 4*m - 7. What is y(o)?
5
Suppose 2*i + 3*i = -4*k - 25, -3*k + 3*i - 12 = 0. Let w(t) = t + 8*t + 0*t - 8*t + 6. Calculate w(k).
1
Let z = 13 + -13. Suppose k + 0*k = z. Suppose -r + 11 - 5 = k. Let s(g) = -g**3 + 7*g**2 - 5*g + 2. What is s(r)?
8
Let n(b) = -b**3 - 7*b**2 - 8*b + 2. Let x(i) = i**3 - 8*i**2 - 103*i - 36. Let p be x(15). Determine n(p).
14
Let y(s) = -s + 2. Let i be y(-1). Suppose -2*z - 29 = -3*k + 2*z, -6 = 3*k + i*z. Let p(w) = w**3 - 3*w**2 - 2*w + 4. Give p(k).
-2
Let c(b) = -8*b + 5. Let z be c(-5). Let l = -55 + z. Let m(n) = -n - 5. Calculate m(l).
5
Let k be -4 - (-5)/((-5)/3). Let t(v) = v - 10. Let d(c) = -c + 11. Let z(i) = k*t(i) - 6*d(i). Let w be 3*10*(-2)/(-12). Give z(w).
-1
Let y(k) = k + 17. Suppose -95 + 36 = 5*o + u, o - 3*u + 15 = 0. Let s be y(o). Let n(l) = -2*l**2 + 5*l + 3. Determine n(s).
-22
Let s(r) be the second derivative of 5*r**3/6 + 3*r**2/2 - 90*r. Determine s(-6).
-27
Let y(g) = g**3 - 8*g**2 + 17*g - 13. Suppose -16*j + 156 = 76. Calculate y(j).
-3
Let r(m) be the second derivative of m**3/6 - 17*m**2/2 - 72*m - 4. What is r(7)?
-10
Let c(p) = p**3 + 6*p**2 - 6*p + 9. Let z be c(-7). Suppose z*f - q - 3*q = 12, -2*q = -5*f - 10. Let w be (11 - 5)/(f/(-2)). Let a(b) = 3*b - 1. Give a(w).
8
Let w = 1 + 1. Let z(y) = 4*y - y + 0*y + w*y. Let a = 156 + -153. Give z(a).
15
Suppose 12*c - 13*c = -1. Let s(d) = -11*d**2 + d - 1. Calculate s(c).
-11
Let t be 1/(0 + 2/14). Let w(o) = t*o - 2*o**2 + o**2 - 2 - 4. Suppose 2*m + x + 4*x = 13, -2*m = 2*x - 10. Give w(m).
6
Let b(v) = -v**3 - 6*v**2 - 6*v - 1. Let g = 1 + -7. Let o be (g - -2)/(-1) + -1. Let k be (0 - 0) + o - 8. What is b(k)?
4
Let p be ((-14)/4)/((-1)/(-2)). Let m(n) = -6 - 4 + 13 - 2*n - 3*n. Let z(h) = 9*h - 6. Let v(y) = p*m(y) - 4*z(y). Calculate v(4).
-1
Let t(c) = c. Let d(b) = 7 + 3 - 3 + 0. Let r(s) = 7. Let x(u) = -5*d(u) + 4*r(u). Let l(q) = t(q) - x(q). Calculate l(0).
7
Let d be 4 + -4 + 0 + (-2)/(-1). Let i(y) = d - 3*y + 3*y - 6*y + 5*y. Calculate i(3).
-1
Let n = -162 - -162. Suppose s + 4*a - 28 = n, -5*s + 0*a + 64 = a. Let b(u) = -u**2 + 11*u + 13. Determine b(s).
1
Suppose -506*s = -521*s + 30. Let f(g) = -13*g**2 + g - 4. Let b(c) = -4*c**2 - 1. Let d(n) = 7*b(n) - 2*f(n). Give d(s).
-11
Let u(c) = 4*c - 60. Let p(t) = 7*t - 99. Let z(r) = 3*p(r) - 5*u(r). Give z(-1).
2
Let j(k) be the first derivative of 2*k - 1/4*k**4 - 1/3*k**3 + 0*k**2 - 10. What is j(-2)?
6
Let f(v) = -v**3 + v**2 + v - 3. Let k = -14 - -2. Let s be k/(-20) + 6/(-10). What is f(s)?
-3
Let b(h) = h**3 + 5*h**2 + 4*h + 6. Suppose 32 = -8*z - 0*z. Determine b(z).
6
Let v(r) = -2 + 6*r - 20*r - r**2 + 2 + 11*r. Calculate v(-1).
2
Let a(z) = 13*z + 12*z + 13*z - 4*z**2 - 45*z + z**2 - 5. Determine a(-4).
-25
Suppose 4*l = -8, -2*t - l + 12 = -5*l. Let f(s) = -8*s**t + 6 + 7*s - 49*s**3 - s + 50*s**3. What is f(7)?
-1
Let f be 4/(-6) - 17/(-3). Let p(u) = -55 + 4*u - 55 - 2*u + 102. Let h be p(f). Let l(a) = 2*a**2 - 3*a + 2. Determine l(h).
4
Let c(u) = u**2 - 7*u - 6. Let d be c(7). Let m be d/(-9) - 4/(-3). Let i(w) = -w + 0*w + m*w + 1. Determine i(0).
1
Let c(o) = -o**2 - o - 6. Let s(v) = 1. Let l(m) = 2*c(m) + 11*s(m). What is l(3)?
-25
Let l(b) = -19*b**2 - 3*b + 9*b + b**3 - 7 + 12*b**2. What is l(6)?
-7
Let x(h) = -2*h - 8. Let i(s) be the third derivative of s**6/120 - s**5/12 - s**4/3 + s**3 - 3*s**2. Let c be i(6). Give x(c).
4
Let v(j) = -11*j**2 + 2*j - 1. Suppose -18*o + 9 = -9. Calculate v(o).
-10
Let k(i) be the first derivative of i**3/3 + 2*i**2 + 4*i + 5. Let h(s) = -s**2 - 10*s - 20. Let q be h(-8). What is k(q)?
4
Let d = 0 - -1. Let i(v) = 24*v - 3. Suppose 37*u = 33*u - 28. Let f(h) = -36*h + 4. Let x(o) = u*i(o) - 5*f(o). Determine x(d).
13
Suppose -3*a = 5*y - 71, 9*y + a + 19 = 10*y. Let t(q) = q**2 + q + 19. Let u be t(0). Let c = y - u. Let r(w) = -w**3 - 2*w**2 + 2*w - 4. What is r(c)?
-1
Let f(z) be the first derivative of -3*z + 1/4*z**4 - 7 - 1/2*z**2 - 2/3*z**3. What is f(3)?
3
Let g(a) be the second derivative of a**5/20 - 5*a**4/12 + 2*a**3/3 - 99*a. What is g(3)?
-6
Let z(u) = -10*u**2 - 32*u + 41*u - 9 + 9*u**2. Give z(7).
5
Let f be (8/6)/(22/33). Let u(k) = 5*k**2 - 2*k - 1. Let v(y) = 24*y**2 - 11*y - 5. Let l(q) = f*v(q) - 11*u(q). Calculate l(-1).
-6
Let o = 9 - 6. Suppose 0*m + 3*m - 9 = 0. Let k(b) = 26*b + 8*b**2 + b**m - 9*b**2 - 29*b. Calculate k(o).
9
Let k(c) be the third derivative of -c**5/60 - 3*c**4/8 + 7*c**3/2 + 255*c**2. Calculate k(-10).
11
Let n(h) = 0*h + 1 - 6 + 11 - h. Determine n(3).
3
Let v(j) = 3*j + 21. Suppose -15 = 3*i + o + 4*o, o = -5*i - 47. Determine v(i).
-9
Let r(k) = -45*k**2 + 43*k**2 + 6*k - 2*k - 6*k**3 - 5 + 7*k**3. Determine r(3).
16
Let d(i) = -2*i**2 + 31*i - 64. Let x be d(13). Let n(b) = -8*b - 2. Give n(x).
-10
Suppose 4*t = 9*t - 45. Let m(u) = -13*u + 28. Let z(k) = -3*k + 7. Let i(a) = t*z(a) - 2*m(a). Calculate i(5).
2
Let v(o) be the third derivative of o**4/24 - o**3/3 + 3*o**2. Let h be v(0). Let r(m) be the first derivative of m**3/3 + m - 4. Determine r(h).
5
Let h(w) = w - 7. Let f be h(6). Let x(d) = -2. Let n(q) = -27*q - 54. Let j(s) = n(s) - 27*x(s). Calculate j(f).
27
Let n(w) = -w**3 + 6*w**2 - 16. Let a be n(5). Let x(b) = b**3 - 10*b**2 + 10*b - 14. Calculate x(a).
-5
Let u(m) = m**2 + 2*m - 14. Let t be u(5). Let b = t - 23. Let g(p) = 3*p**2 - 2*p. Calculate g(b).
16
Let f be 40/60 - (-1)/3. Let g(r) = -6*r + 3. Let b(s) = 7*s - 2. Let o(k) = -3*b(k) - 2*g(k). Calculate o(f).
-9
Suppose -9 = 5*l + d, 0*l + 2*l = 2*d + 6. Let b(m) = -6*m - 1. Calculate b(l).
5
Let s(n) = -2*n**2 + 18*n - 28. Let o be s(5). Let y(q) = q**3 - 11*q**2 - 13*q + 12. Calculate y(o).
0
Let p(q) = q**2 - 3*q. Suppose -37 = 21*h - 184. Calculate p(h).
28
Let r(x) be the first derivative of x**4/4 + x**3/3 + x + 31. What is r(1)?
3
Let j(u) = u**2 - 5*u + 5. Let n(d) = -9*d + 31. Let c be n(3). Let p(r) = 2*r**2 - 10*r + 10. Let f = -17 + 8. Let l(v) = c*p(v) + f*j(v). Calculate l(4).
-1
Suppose 16*r - 20*r + 16 = 0. Let f(d) = d**3 - 4*d**2 - 2*d + 6. Give f(r).
-2
Suppose 0 = -s - s + 10. Suppose -s*j + 24 = -2*r + 4*r, -2*j + 6 = -r. Let l(g) = g - 7*g**2 - 5*g**2 - 3*g + 13*g**2. Determine l(j).
8
Let t(k) = -k**3 - 2*k**2 + 3*k - 1. Let b(l) = -l**2 + 6*l - 7. Let r be b(9). Let x = r + 31. Calculate t(x).
-1
Let p(a) = -6 - 53*a**2 - 14*a + 29*a**2 + 25*a**2. Determine p(15).
9
Let s be -8 + (-8 + 8 - -17). Let u(r) = r**3 - 8*r**2 - 8*r - 12. What is u(s)?
-3
Let v(f) be the first derivative of 2*f**2 - 4*f + 12. Let p be v(0). Let q(s) = s**2 + 6*s + 6. Calculate q(p).
-2
Let y(h) = -h - 4. Let z = -131 - -139. Suppose -z*a - 12 = -5*a. Determine y(a).
0
Let d(n) = -n - 8. Let z(i) = -i**3 + 4*i**2 + 5*i + 7. Let r be z(5). Give d(r).
-15
Let t(m) = m**3 + m**2 - 2*m. Let l be t(2). Suppose 5*w - 6 = -y + 7, 3*y = w + 7. Suppose -y*n = n + l. Let k(f) = 3*f + 3. What is k(n)?
-3
Let i = -12 - -16. Suppose -3*t + 4 = 5*g, i*g - 4*t = 16 - 0. Let h(o) = 5*o**g - 1 + 3*o**2 + 0 - 5*o**3 - 7*o**2. Calculate h(1).
-5
Let x(s) be the first derivative of 2*s**2 + 17. Let d be 1*-6*(-12)/(-18). Calculate x(d).
-16
Let b(r) = -r**3 - 4*r**2 + 4*r + 6. Let a = -29 - -45. Let h be 2/(2 - a/10). Let c be 8/h*(-50)/20. Give b(c).
-10
Let j(r) = r + 1. Let s(q) be the second derivative of q**4/4 - q**3/2 - q**2/2 + 3*q. Let o be 2*((-60)/(-75) - 13/10). Let a(m) = o*s(m) - 3*j(m). Give a(-2).
-14
Let r = -16 + 11. Let i be 2/6 + 1/(-3). Let f(u) = 0 + u**2 + i*u + 2 + 5*u. Calculate f(r).
2
Let w(g) = -4*g + 1. Let m = -2 - 6. Let c = m + 6. Let y(l) = 9*l - 2. Let k(x) = c*y(x) - 5*w(x). Determine k(-4).
-9
Let a = 3 - 2. Suppose 0 = 2*j + 7 - 21. Let r(m) = 7*m - 10*m**2 - 15*m + 2*m + j*m. Give r(a).
-9
Suppose -o - o - 4 = 0. Let c(g) = g + 2. Let t be c(o). Let s(x) = -234*x + 8 - 6 + 7 + 233*x. Determine s(t).
9
Let o(b) be the third derivative of -